{"id":13,"date":"2018-03-11T16:39:19","date_gmt":"2018-03-11T15:39:19","guid":{"rendered":""},"modified":"2023-08-07T11:52:37","modified_gmt":"2023-08-07T09:52:37","slug":"accueil","status":"publish","type":"page","link":"https:\/\/www.gite-centre-finistere.fr\/","title":{"rendered":"Maison"},"content":{"rendered":"<h2 style=\"text-align: center;\">\u00a0<\/h2>\n<h2 style=\"text-align: center;\"><span style=\"color: #999999;\">Sa capacit\u00e9 d&rsquo;accueille vous permettra de vivre des moments\u00a0de convivialit\u00e9 et de partage.<br \/>Pour des vacances riches d&rsquo;histoires, et de l\u00e9gendes !<\/span><\/h2>\n<h2 style=\"text-align: center;\"><a href=\"http:\/\/www.gite-centre-finistere.fr\/wp-content\/uploads\/2018\/06\/g\u00eete-centre-finist\u00e8re.jpg\"><img loading=\"lazy\" class=\"aligncenter wp-image-738 size-full\" src=\"http:\/\/www.gite-centre-finistere.fr\/wp-content\/uploads\/2018\/06\/g\u00eete-centre-finist\u00e8re.jpg\" alt=\"\" width=\"5120\" height=\"3620\" srcset=\"https:\/\/www.gite-centre-finistere.fr\/wp-content\/uploads\/2018\/06\/g\u00eete-centre-finist\u00e8re.jpg 5120w, https:\/\/www.gite-centre-finistere.fr\/wp-content\/uploads\/2018\/06\/g\u00eete-centre-finist\u00e8re-300x212.jpg 300w, https:\/\/www.gite-centre-finistere.fr\/wp-content\/uploads\/2018\/06\/g\u00eete-centre-finist\u00e8re-768x543.jpg 768w, https:\/\/www.gite-centre-finistere.fr\/wp-content\/uploads\/2018\/06\/g\u00eete-centre-finist\u00e8re-1024x724.jpg 1024w\" sizes=\"(max-width: 706px) 89vw, (max-width: 767px) 82vw, 740px\" \/><\/a><\/h2>\n<p>Cette maison nomm\u00e9e \u00ab\u00a0Kreiz Breizh\u00a0\u00bb, signifiant Centre Bretagne en breton, construite vers 1930 est typique pour sa hauteur, et loge jusqu&rsquo;\u00e0 6 personnes.<\/p>\n<p><strong><br \/>Les plus de la maison :<\/strong><\/p>\n<p>Son jardin clos, et sa terrasse vous permettrons de passer des moments de tranquillit\u00e9s en ext\u00e9rieur.<\/p>\n<p>Une cuisine bien \u00e9quip\u00e9e (lave-vaisselle, four, micro-onde, bouilloire, cafeti\u00e8re, grille-pain, frigo-cong\u00e9lateur, plaques indictions, robots&#8230;) pour mieux cuisiner et d\u00e9guster les saveurs du terroir.<\/p>\n<p>Des lits d\u00e9j\u00e0 fait \u00e0 votre arriv\u00e9e. Pour votre confort, toute la literie est r\u00e9cente et vous dormirez dans des couettes.<\/p>\n<p>Des jeux pour petits et grands, sont \u00e0 disposition : de la cuisine pour enfants aux jeux de soci\u00e9t\u00e9s, jeux de plage, et jeux ext\u00e9rieurs. Une carte du Finist\u00e8re est \u00e9galement \u00e0 votre disposition. (attention pas de Wifi&#8230;)<\/p>\n<p>Au centre du bourg de Plonevez du Faou, le G\u00eete permet d&rsquo;acc\u00e9der \u00e0 de nombreux commerces et services : une sup\u00e9rette, deux boulangeries, restaurants, deux boucheries, deux fleuristes, bureau de tabac\/presse, une poste, une pharmacie, banques, coiffeurs, un salon esth\u00e9tique, infirmi\u00e8res.\u00a0<\/p>\n<p>Sur votre demande, uniquement, nous mettons \u00e0 votre disposition du mat\u00e9riel pour b\u00e9b\u00e9 (cf composition du g\u00eete).<\/p>\n<p>Nos amis les animaux sont \u00e9galement les bienvenus. Ils pourront partir gambader dans le jardin clos, b\u00e9n\u00e9ficier de l&rsquo;appentis bien utile parfois, mais ils ne sont pas autoris\u00e9s \u00e0 l&rsquo;\u00e9tage.<br \/><img loading=\"lazy\" class=\"aligncenter wp-image-554 size-thumbnail\" src=\"http:\/\/www.gite-centre-finistere.fr\/wp-content\/uploads\/2018\/04\/gite-kreiz-breizh-150x150.jpg\" alt=\"\" width=\"150\" height=\"150\" srcset=\"https:\/\/www.gite-centre-finistere.fr\/wp-content\/uploads\/2018\/04\/gite-kreiz-breizh-150x150.jpg 150w, https:\/\/www.gite-centre-finistere.fr\/wp-content\/uploads\/2018\/04\/gite-kreiz-breizh-100x100.jpg 100w\" sizes=\"(max-width: 150px) 100vw, 150px\" \/><\/p>\n<p><strong>Composition du g\u00eete:<\/strong><\/p>\n<p>&#8211; une pi\u00e8ce de vie de 60 m2 avec cuisine et \u00e9quipement neuf : four, lave-vaisselles, plaques c\u00e9ramiques, robots, micro-onde, grille pain, frigos-Cong\u00e9lateur de grande capacit\u00e9.<br \/>&#8211; coin salon avec un canap\u00e9 3 places, 2 fauteuils, TV \u00e9cran plat\u00a0 (compatible USB), jeux de soci\u00e9t\u00e9, plaids, carte routi\u00e8re du Finist\u00e8re.<br \/>&#8211; deux chambres avec un lit (160X200) 2 places et penderies<br \/>&#8211; une chambre avec deux lits (90&#215;200) 1 place et penderie<br \/>&#8211; un lit b\u00e9b\u00e9, chaise-haute pour b\u00e9b\u00e9, porte b\u00e9b\u00e9, pots, baignoire sur demande, table \u00e0 langer dans la salle de bain.<br \/>&#8211; une salle de bain avec double vasques et douche<br \/>&#8211; table \u00e0 repasser et son fer<br \/>&#8211; WC ind\u00e9pendant<br \/>&#8211; un cellier, avec lave-linge donnant sur le jardin et \u00ab\u00a0Tancarville\u00a0\u00bb<br \/>&#8211; jardin clos et terrasse avec son salon de jardin, parasol et barbecue<br \/>&#8211; un emplacement voiture \u00e0 proximit\u00e9\u00a0<br \/>&#8211; linge de lit misent \u00e0 disposition\u00a0<\/p>\n<p>\u00a0<\/p>\n<p style=\"text-align: center;\">Pi\u00e8ce de vie principale<\/p>\n<p style=\"text-align: center;\"><a href=\"http:\/\/www.gite-centre-finistere.fr\/wp-content\/uploads\/2018\/06\/IMG_0012.jpg\"><img loading=\"lazy\" class=\"aligncenter wp-image-741 size-full\" src=\"http:\/\/www.gite-centre-finistere.fr\/wp-content\/uploads\/2018\/06\/IMG_0012.jpg\" alt=\"\" width=\"1728\" height=\"1152\" srcset=\"https:\/\/www.gite-centre-finistere.fr\/wp-content\/uploads\/2018\/06\/IMG_0012.jpg 1728w, https:\/\/www.gite-centre-finistere.fr\/wp-content\/uploads\/2018\/06\/IMG_0012-300x200.jpg 300w, https:\/\/www.gite-centre-finistere.fr\/wp-content\/uploads\/2018\/06\/IMG_0012-768x512.jpg 768w, https:\/\/www.gite-centre-finistere.fr\/wp-content\/uploads\/2018\/06\/IMG_0012-1024x683.jpg 1024w\" sizes=\"(max-width: 706px) 89vw, (max-width: 767px) 82vw, 740px\" \/><\/a><\/p>\n<p><a href=\"https:\/\/www.gite-centre-finistere.fr\/wp-content\/uploads\/2023\/08\/IMG_0058-1.jpg\"><img loading=\"lazy\" class=\"aligncenter size-full wp-image-1022\" src=\"https:\/\/www.gite-centre-finistere.fr\/wp-content\/uploads\/2023\/08\/IMG_0058-1.jpg\" alt=\"\" width=\"2496\" height=\"1664\" srcset=\"https:\/\/www.gite-centre-finistere.fr\/wp-content\/uploads\/2023\/08\/IMG_0058-1.jpg 2496w, https:\/\/www.gite-centre-finistere.fr\/wp-content\/uploads\/2023\/08\/IMG_0058-1-300x200.jpg 300w, https:\/\/www.gite-centre-finistere.fr\/wp-content\/uploads\/2023\/08\/IMG_0058-1-1024x683.jpg 1024w, https:\/\/www.gite-centre-finistere.fr\/wp-content\/uploads\/2023\/08\/IMG_0058-1-768x512.jpg 768w, https:\/\/www.gite-centre-finistere.fr\/wp-content\/uploads\/2023\/08\/IMG_0058-1-1536x1024.jpg 1536w, https:\/\/www.gite-centre-finistere.fr\/wp-content\/uploads\/2023\/08\/IMG_0058-1-2048x1365.jpg 2048w\" sizes=\"(max-width: 706px) 89vw, (max-width: 767px) 82vw, 740px\" \/><\/a><\/p>\n<p style=\"text-align: center;\">Coin cuisine&#8230;<\/p>\n<p><img loading=\"lazy\" class=\"wp-image-489 size-full\" src=\"\/wp-content\/uploads\/2018\/03\/gite-kreiz-Breizh-coin-cuisine-.jpg\" alt=\"\" width=\"1728\" height=\"1152\" srcset=\"https:\/\/www.gite-centre-finistere.fr\/wp-content\/uploads\/2018\/03\/gite-kreiz-Breizh-coin-cuisine-.jpg 1728w, https:\/\/www.gite-centre-finistere.fr\/wp-content\/uploads\/2018\/03\/gite-kreiz-Breizh-coin-cuisine--300x200.jpg 300w, https:\/\/www.gite-centre-finistere.fr\/wp-content\/uploads\/2018\/03\/gite-kreiz-Breizh-coin-cuisine--768x512.jpg 768w, https:\/\/www.gite-centre-finistere.fr\/wp-content\/uploads\/2018\/03\/gite-kreiz-Breizh-coin-cuisine--1024x683.jpg 1024w\" sizes=\"(max-width: 706px) 89vw, (max-width: 767px) 82vw, 740px\" \/><a href=\"https:\/\/www.gite-centre-finistere.fr\/wp-content\/uploads\/2018\/03\/giteconviviale-1.jpg\"><img loading=\"lazy\" class=\"aligncenter size-full wp-image-154\" src=\"https:\/\/www.gite-centre-finistere.fr\/wp-content\/uploads\/2018\/03\/giteconviviale-1.jpg\" alt=\"\" width=\"670\" height=\"358\" srcset=\"https:\/\/www.gite-centre-finistere.fr\/wp-content\/uploads\/2018\/03\/giteconviviale-1.jpg 670w, https:\/\/www.gite-centre-finistere.fr\/wp-content\/uploads\/2018\/03\/giteconviviale-1-300x160.jpg 300w\" sizes=\"(max-width: 670px) 100vw, 670px\" \/><\/a><\/p>\n<p style=\"text-align: center;\">Pi\u00e8ce, donant d&rsquo;un c\u00f4t\u00e9 sur la cuisine, <br \/>et de l&rsquo;autre sur le jardin par une fen\u00eatre.<\/p>\n<p><a href=\"https:\/\/www.gite-centre-finistere.fr\/wp-content\/uploads\/2023\/08\/IMG_0017.jpg\"><img loading=\"lazy\" class=\"wp-image-1016 size-full alignnone\" title=\"Pi\u00e8ce donnant d'un c\u00f4t\u00e9 sur la cuisine et l'autre sur le jardin par une fen\u00eatre.\" src=\"https:\/\/www.gite-centre-finistere.fr\/wp-content\/uploads\/2023\/08\/IMG_0017.jpg\" alt=\"\" width=\"2496\" height=\"1664\" srcset=\"https:\/\/www.gite-centre-finistere.fr\/wp-content\/uploads\/2023\/08\/IMG_0017.jpg 2496w, https:\/\/www.gite-centre-finistere.fr\/wp-content\/uploads\/2023\/08\/IMG_0017-300x200.jpg 300w, https:\/\/www.gite-centre-finistere.fr\/wp-content\/uploads\/2023\/08\/IMG_0017-1024x683.jpg 1024w, https:\/\/www.gite-centre-finistere.fr\/wp-content\/uploads\/2023\/08\/IMG_0017-768x512.jpg 768w, https:\/\/www.gite-centre-finistere.fr\/wp-content\/uploads\/2023\/08\/IMG_0017-1536x1024.jpg 1536w, https:\/\/www.gite-centre-finistere.fr\/wp-content\/uploads\/2023\/08\/IMG_0017-2048x1365.jpg 2048w\" sizes=\"(max-width: 706px) 89vw, (max-width: 767px) 82vw, 740px\" \/><\/a><\/p>\n<p style=\"text-align: center;\">Salle de bain et WC separ\u00e9, au rez-de-chauss\u00e9.<a href=\"https:\/\/www.gite-centre-finistere.fr\/wp-content\/uploads\/2023\/08\/salles-deau-deux-vasque-gite-ker-breizh-plonevez-du-faout-1.jpg\"><img loading=\"lazy\" class=\"aligncenter size-full wp-image-1018\" src=\"https:\/\/www.gite-centre-finistere.fr\/wp-content\/uploads\/2023\/08\/salles-deau-deux-vasque-gite-ker-breizh-plonevez-du-faout-1.jpg\" alt=\"\" width=\"2496\" height=\"1664\" srcset=\"https:\/\/www.gite-centre-finistere.fr\/wp-content\/uploads\/2023\/08\/salles-deau-deux-vasque-gite-ker-breizh-plonevez-du-faout-1.jpg 2496w, https:\/\/www.gite-centre-finistere.fr\/wp-content\/uploads\/2023\/08\/salles-deau-deux-vasque-gite-ker-breizh-plonevez-du-faout-1-300x200.jpg 300w, https:\/\/www.gite-centre-finistere.fr\/wp-content\/uploads\/2023\/08\/salles-deau-deux-vasque-gite-ker-breizh-plonevez-du-faout-1-1024x683.jpg 1024w, https:\/\/www.gite-centre-finistere.fr\/wp-content\/uploads\/2023\/08\/salles-deau-deux-vasque-gite-ker-breizh-plonevez-du-faout-1-768x512.jpg 768w, https:\/\/www.gite-centre-finistere.fr\/wp-content\/uploads\/2023\/08\/salles-deau-deux-vasque-gite-ker-breizh-plonevez-du-faout-1-1536x1024.jpg 1536w, https:\/\/www.gite-centre-finistere.fr\/wp-content\/uploads\/2023\/08\/salles-deau-deux-vasque-gite-ker-breizh-plonevez-du-faout-1-2048x1365.jpg 2048w\" sizes=\"(max-width: 706px) 89vw, (max-width: 767px) 82vw, 740px\" \/><\/a><\/p>\n<p><a href=\"https:\/\/www.gite-centre-finistere.fr\/wp-content\/uploads\/2023\/08\/salle-eau-gite-ker-breizh-polnevez-du-faou-Airbnb.jpg\"><img loading=\"lazy\" class=\"aligncenter size-full wp-image-1019\" src=\"https:\/\/www.gite-centre-finistere.fr\/wp-content\/uploads\/2023\/08\/salle-eau-gite-ker-breizh-polnevez-du-faou-Airbnb.jpg\" alt=\"\" width=\"2496\" height=\"1664\" srcset=\"https:\/\/www.gite-centre-finistere.fr\/wp-content\/uploads\/2023\/08\/salle-eau-gite-ker-breizh-polnevez-du-faou-Airbnb.jpg 2496w, https:\/\/www.gite-centre-finistere.fr\/wp-content\/uploads\/2023\/08\/salle-eau-gite-ker-breizh-polnevez-du-faou-Airbnb-300x200.jpg 300w, https:\/\/www.gite-centre-finistere.fr\/wp-content\/uploads\/2023\/08\/salle-eau-gite-ker-breizh-polnevez-du-faou-Airbnb-1024x683.jpg 1024w, https:\/\/www.gite-centre-finistere.fr\/wp-content\/uploads\/2023\/08\/salle-eau-gite-ker-breizh-polnevez-du-faou-Airbnb-768x512.jpg 768w, https:\/\/www.gite-centre-finistere.fr\/wp-content\/uploads\/2023\/08\/salle-eau-gite-ker-breizh-polnevez-du-faou-Airbnb-1536x1024.jpg 1536w, https:\/\/www.gite-centre-finistere.fr\/wp-content\/uploads\/2023\/08\/salle-eau-gite-ker-breizh-polnevez-du-faou-Airbnb-2048x1365.jpg 2048w\" sizes=\"(max-width: 706px) 89vw, (max-width: 767px) 82vw, 740px\" \/><\/a><\/p>\n<p style=\"text-align: center;\">Escalier desservant, les 3 chambres ainsi qu&rsquo;un espace jeux pour les petits. Acc\u00e8s \u00e0 escalier ferm\u00e9 par une porte.<\/p>\n<p style=\"text-align: center;\"><a href=\"https:\/\/www.gite-centre-finistere.fr\/wp-content\/uploads\/2023\/08\/acces-au-cellier-des-3-chambres-a-letage-du-gite-Ker-Breizh-plonevez-du-Faou.jpg\"><img loading=\"lazy\" class=\"wp-image-1026 aligncenter\" src=\"https:\/\/www.gite-centre-finistere.fr\/wp-content\/uploads\/2023\/08\/acces-au-cellier-des-3-chambres-a-letage-du-gite-Ker-Breizh-plonevez-du-Faou.jpg\" alt=\"\" width=\"368\" height=\"553\" srcset=\"https:\/\/www.gite-centre-finistere.fr\/wp-content\/uploads\/2023\/08\/acces-au-cellier-des-3-chambres-a-letage-du-gite-Ker-Breizh-plonevez-du-Faou.jpg 1664w, https:\/\/www.gite-centre-finistere.fr\/wp-content\/uploads\/2023\/08\/acces-au-cellier-des-3-chambres-a-letage-du-gite-Ker-Breizh-plonevez-du-Faou-200x300.jpg 200w, https:\/\/www.gite-centre-finistere.fr\/wp-content\/uploads\/2023\/08\/acces-au-cellier-des-3-chambres-a-letage-du-gite-Ker-Breizh-plonevez-du-Faou-683x1024.jpg 683w, https:\/\/www.gite-centre-finistere.fr\/wp-content\/uploads\/2023\/08\/acces-au-cellier-des-3-chambres-a-letage-du-gite-Ker-Breizh-plonevez-du-Faou-768x1152.jpg 768w, https:\/\/www.gite-centre-finistere.fr\/wp-content\/uploads\/2023\/08\/acces-au-cellier-des-3-chambres-a-letage-du-gite-Ker-Breizh-plonevez-du-Faou-1024x1536.jpg 1024w, https:\/\/www.gite-centre-finistere.fr\/wp-content\/uploads\/2023\/08\/acces-au-cellier-des-3-chambres-a-letage-du-gite-Ker-Breizh-plonevez-du-Faou-1365x2048.jpg 1365w\" sizes=\"(max-width: 368px) 100vw, 368px\" \/><\/a><\/p>\n<p><a href=\"https:\/\/www.gite-centre-finistere.fr\/wp-content\/uploads\/2023\/08\/Gite-Ker-breizh-centre-finistere-maison-location-touristique-pour-famille-Cellier-donnant-sur-les-chambres-1.jpg\"><img loading=\"lazy\" class=\"aligncenter size-full wp-image-1032\" src=\"https:\/\/www.gite-centre-finistere.fr\/wp-content\/uploads\/2023\/08\/Gite-Ker-breizh-centre-finistere-maison-location-touristique-pour-famille-Cellier-donnant-sur-les-chambres-1.jpg\" alt=\"\" width=\"2496\" height=\"1664\" srcset=\"https:\/\/www.gite-centre-finistere.fr\/wp-content\/uploads\/2023\/08\/Gite-Ker-breizh-centre-finistere-maison-location-touristique-pour-famille-Cellier-donnant-sur-les-chambres-1.jpg 2496w, https:\/\/www.gite-centre-finistere.fr\/wp-content\/uploads\/2023\/08\/Gite-Ker-breizh-centre-finistere-maison-location-touristique-pour-famille-Cellier-donnant-sur-les-chambres-1-300x200.jpg 300w, https:\/\/www.gite-centre-finistere.fr\/wp-content\/uploads\/2023\/08\/Gite-Ker-breizh-centre-finistere-maison-location-touristique-pour-famille-Cellier-donnant-sur-les-chambres-1-1024x683.jpg 1024w, https:\/\/www.gite-centre-finistere.fr\/wp-content\/uploads\/2023\/08\/Gite-Ker-breizh-centre-finistere-maison-location-touristique-pour-famille-Cellier-donnant-sur-les-chambres-1-768x512.jpg 768w, https:\/\/www.gite-centre-finistere.fr\/wp-content\/uploads\/2023\/08\/Gite-Ker-breizh-centre-finistere-maison-location-touristique-pour-famille-Cellier-donnant-sur-les-chambres-1-1536x1024.jpg 1536w, https:\/\/www.gite-centre-finistere.fr\/wp-content\/uploads\/2023\/08\/Gite-Ker-breizh-centre-finistere-maison-location-touristique-pour-famille-Cellier-donnant-sur-les-chambres-1-2048x1365.jpg 2048w\" sizes=\"(max-width: 706px) 89vw, (max-width: 767px) 82vw, 740px\" \/><\/a><\/p>\n<p>\u00a0<\/p>\n<p style=\"text-align: center;\">Premi\u00e8re chambre donnant sur le jardin (lit 160X200cm)<a href=\"https:\/\/www.gite-centre-finistere.fr\/wp-content\/uploads\/2018\/03\/chambre.jpg\"><img loading=\"lazy\" class=\"aligncenter size-full wp-image-39\" src=\"https:\/\/www.gite-centre-finistere.fr\/wp-content\/uploads\/2018\/03\/chambre.jpg\" alt=\"\" width=\"1024\" height=\"683\" srcset=\"https:\/\/www.gite-centre-finistere.fr\/wp-content\/uploads\/2018\/03\/chambre.jpg 1024w, https:\/\/www.gite-centre-finistere.fr\/wp-content\/uploads\/2018\/03\/chambre-300x200.jpg 300w, https:\/\/www.gite-centre-finistere.fr\/wp-content\/uploads\/2018\/03\/chambre-768x512.jpg 768w, https:\/\/www.gite-centre-finistere.fr\/wp-content\/uploads\/2018\/03\/chambre-750x500.jpg 750w\" sizes=\"(max-width: 706px) 89vw, (max-width: 767px) 82vw, 740px\" \/><\/a><\/p>\n<p style=\"text-align: center;\">Seconde chambre avec sa chemin\u00e9e de bois,<br \/>donnant sur la rue (lit 160X200cm)<a href=\"https:\/\/www.gite-centre-finistere.fr\/wp-content\/uploads\/2023\/08\/chambre-avec-gand-lit-160.jpg\"><img loading=\"lazy\" class=\"aligncenter wp-image-1028 \" src=\"https:\/\/www.gite-centre-finistere.fr\/wp-content\/uploads\/2023\/08\/chambre-avec-gand-lit-160.jpg\" alt=\"\" width=\"401\" height=\"602\" srcset=\"https:\/\/www.gite-centre-finistere.fr\/wp-content\/uploads\/2023\/08\/chambre-avec-gand-lit-160.jpg 1664w, https:\/\/www.gite-centre-finistere.fr\/wp-content\/uploads\/2023\/08\/chambre-avec-gand-lit-160-200x300.jpg 200w, https:\/\/www.gite-centre-finistere.fr\/wp-content\/uploads\/2023\/08\/chambre-avec-gand-lit-160-683x1024.jpg 683w, https:\/\/www.gite-centre-finistere.fr\/wp-content\/uploads\/2023\/08\/chambre-avec-gand-lit-160-768x1152.jpg 768w, https:\/\/www.gite-centre-finistere.fr\/wp-content\/uploads\/2023\/08\/chambre-avec-gand-lit-160-1024x1536.jpg 1024w, https:\/\/www.gite-centre-finistere.fr\/wp-content\/uploads\/2023\/08\/chambre-avec-gand-lit-160-1365x2048.jpg 1365w\" sizes=\"(max-width: 401px) 100vw, 401px\" \/><\/a> Toutes nos chambres sont \u00e9quip\u00e9es de penderie identiques.<a href=\"https:\/\/www.gite-centre-finistere.fr\/wp-content\/uploads\/2018\/03\/IMG_0008.jpg\"><br \/><img loading=\"lazy\" class=\"aligncenter size-full wp-image-162\" src=\"https:\/\/www.gite-centre-finistere.fr\/wp-content\/uploads\/2018\/03\/IMG_0008.jpg\" alt=\"\" width=\"1024\" height=\"683\" srcset=\"https:\/\/www.gite-centre-finistere.fr\/wp-content\/uploads\/2018\/03\/IMG_0008.jpg 1024w, https:\/\/www.gite-centre-finistere.fr\/wp-content\/uploads\/2018\/03\/IMG_0008-300x200.jpg 300w, https:\/\/www.gite-centre-finistere.fr\/wp-content\/uploads\/2018\/03\/IMG_0008-768x512.jpg 768w\" sizes=\"(max-width: 706px) 89vw, (max-width: 767px) 82vw, 740px\" \/><\/a><\/p>\n<p style=\"text-align: center;\">Troisi\u00e8me chambre, donnant sur la rue.<br \/>Celle des enfants&#8230;ou non ! \ud83d\ude09<br \/><img loading=\"lazy\" class=\"aligncenter size-full wp-image-1035\" src=\"https:\/\/www.gite-centre-finistere.fr\/wp-content\/uploads\/2023\/08\/IMG_20190416_175456-scaled.jpg\" alt=\"\" width=\"2560\" height=\"1920\" srcset=\"https:\/\/www.gite-centre-finistere.fr\/wp-content\/uploads\/2023\/08\/IMG_20190416_175456-scaled.jpg 2560w, https:\/\/www.gite-centre-finistere.fr\/wp-content\/uploads\/2023\/08\/IMG_20190416_175456-300x225.jpg 300w, https:\/\/www.gite-centre-finistere.fr\/wp-content\/uploads\/2023\/08\/IMG_20190416_175456-1024x768.jpg 1024w, https:\/\/www.gite-centre-finistere.fr\/wp-content\/uploads\/2023\/08\/IMG_20190416_175456-768x576.jpg 768w, https:\/\/www.gite-centre-finistere.fr\/wp-content\/uploads\/2023\/08\/IMG_20190416_175456-1536x1152.jpg 1536w, https:\/\/www.gite-centre-finistere.fr\/wp-content\/uploads\/2023\/08\/IMG_20190416_175456-2048x1536.jpg 2048w\" sizes=\"(max-width: 706px) 89vw, (max-width: 767px) 82vw, 740px\" \/><br \/><a href=\"https:\/\/www.gite-centre-finistere.fr\/wp-content\/uploads\/2023\/08\/IMG_0047-1.jpg\"><img loading=\"lazy\" class=\"aligncenter  wp-image-1033\" src=\"https:\/\/www.gite-centre-finistere.fr\/wp-content\/uploads\/2023\/08\/IMG_0047-1.jpg\" alt=\"\" width=\"277\" height=\"416\" srcset=\"https:\/\/www.gite-centre-finistere.fr\/wp-content\/uploads\/2023\/08\/IMG_0047-1.jpg 1664w, https:\/\/www.gite-centre-finistere.fr\/wp-content\/uploads\/2023\/08\/IMG_0047-1-200x300.jpg 200w, https:\/\/www.gite-centre-finistere.fr\/wp-content\/uploads\/2023\/08\/IMG_0047-1-683x1024.jpg 683w, https:\/\/www.gite-centre-finistere.fr\/wp-content\/uploads\/2023\/08\/IMG_0047-1-768x1152.jpg 768w, https:\/\/www.gite-centre-finistere.fr\/wp-content\/uploads\/2023\/08\/IMG_0047-1-1024x1536.jpg 1024w, https:\/\/www.gite-centre-finistere.fr\/wp-content\/uploads\/2023\/08\/IMG_0047-1-1365x2048.jpg 1365w\" sizes=\"(max-width: 277px) 100vw, 277px\" \/><\/a><\/p>\n<p style=\"text-align: center;\">Epuipements pour les tout petits \u00e0 disposition&#8230;.<\/p>\n<p><a href=\"https:\/\/www.gite-centre-finistere.fr\/wp-content\/uploads\/2023\/08\/le-coin-des-bambins-chambre-bebe-gite-ker-breizh-centre-finistere-plonevez-du-faou-gite-pour-famille.jpg\"><img loading=\"lazy\" class=\"aligncenter  wp-image-1034\" src=\"https:\/\/www.gite-centre-finistere.fr\/wp-content\/uploads\/2023\/08\/le-coin-des-bambins-chambre-bebe-gite-ker-breizh-centre-finistere-plonevez-du-faou-gite-pour-famille.jpg\" alt=\"\" width=\"300\" height=\"450\" srcset=\"https:\/\/www.gite-centre-finistere.fr\/wp-content\/uploads\/2023\/08\/le-coin-des-bambins-chambre-bebe-gite-ker-breizh-centre-finistere-plonevez-du-faou-gite-pour-famille.jpg 1664w, https:\/\/www.gite-centre-finistere.fr\/wp-content\/uploads\/2023\/08\/le-coin-des-bambins-chambre-bebe-gite-ker-breizh-centre-finistere-plonevez-du-faou-gite-pour-famille-200x300.jpg 200w, https:\/\/www.gite-centre-finistere.fr\/wp-content\/uploads\/2023\/08\/le-coin-des-bambins-chambre-bebe-gite-ker-breizh-centre-finistere-plonevez-du-faou-gite-pour-famille-683x1024.jpg 683w, https:\/\/www.gite-centre-finistere.fr\/wp-content\/uploads\/2023\/08\/le-coin-des-bambins-chambre-bebe-gite-ker-breizh-centre-finistere-plonevez-du-faou-gite-pour-famille-768x1152.jpg 768w, https:\/\/www.gite-centre-finistere.fr\/wp-content\/uploads\/2023\/08\/le-coin-des-bambins-chambre-bebe-gite-ker-breizh-centre-finistere-plonevez-du-faou-gite-pour-famille-1024x1536.jpg 1024w, https:\/\/www.gite-centre-finistere.fr\/wp-content\/uploads\/2023\/08\/le-coin-des-bambins-chambre-bebe-gite-ker-breizh-centre-finistere-plonevez-du-faou-gite-pour-famille-1365x2048.jpg 1365w\" sizes=\"(max-width: 300px) 100vw, 300px\" \/><\/a><\/p>\n<p><a href=\"https:\/\/www.gite-centre-finistere.fr\/wp-content\/uploads\/2023\/08\/accessoirs-bebe-gite-ker-Breizh-centre-finistere-location-touristes.jpg\"><img loading=\"lazy\" class=\"aligncenter  wp-image-1020\" src=\"https:\/\/www.gite-centre-finistere.fr\/wp-content\/uploads\/2023\/08\/accessoirs-bebe-gite-ker-Breizh-centre-finistere-location-touristes.jpg\" alt=\"\" width=\"423\" height=\"282\" srcset=\"https:\/\/www.gite-centre-finistere.fr\/wp-content\/uploads\/2023\/08\/accessoirs-bebe-gite-ker-Breizh-centre-finistere-location-touristes.jpg 2496w, https:\/\/www.gite-centre-finistere.fr\/wp-content\/uploads\/2023\/08\/accessoirs-bebe-gite-ker-Breizh-centre-finistere-location-touristes-300x200.jpg 300w, https:\/\/www.gite-centre-finistere.fr\/wp-content\/uploads\/2023\/08\/accessoirs-bebe-gite-ker-Breizh-centre-finistere-location-touristes-1024x683.jpg 1024w, https:\/\/www.gite-centre-finistere.fr\/wp-content\/uploads\/2023\/08\/accessoirs-bebe-gite-ker-Breizh-centre-finistere-location-touristes-768x512.jpg 768w, https:\/\/www.gite-centre-finistere.fr\/wp-content\/uploads\/2023\/08\/accessoirs-bebe-gite-ker-Breizh-centre-finistere-location-touristes-1536x1024.jpg 1536w, https:\/\/www.gite-centre-finistere.fr\/wp-content\/uploads\/2023\/08\/accessoirs-bebe-gite-ker-Breizh-centre-finistere-location-touristes-2048x1365.jpg 2048w\" sizes=\"(max-width: 423px) 100vw, 423px\" \/><br \/><\/a><\/p>\n<p style=\"text-align: center;\">Et comme la rumeur cours que le temps est souvent \u00e0 la pluie \ud83d\ude09<br \/>nous avons pens\u00e9 \u00e0 vous ! ! !<\/p>\n\n\n<figure class=\"wp-block-image size-large\"><img loading=\"lazy\" width=\"2496\" height=\"1664\" src=\"https:\/\/www.gite-centre-finistere.fr\/wp-content\/uploads\/2023\/08\/Gite-Ker-Breizh-plonevez-du-faou-maison-de-location-touristique-pour-famille-avec-jeux-de-societe-mise-a-disposition.jpg\" alt=\"\" class=\"wp-image-1042\" srcset=\"https:\/\/www.gite-centre-finistere.fr\/wp-content\/uploads\/2023\/08\/Gite-Ker-Breizh-plonevez-du-faou-maison-de-location-touristique-pour-famille-avec-jeux-de-societe-mise-a-disposition.jpg 2496w, https:\/\/www.gite-centre-finistere.fr\/wp-content\/uploads\/2023\/08\/Gite-Ker-Breizh-plonevez-du-faou-maison-de-location-touristique-pour-famille-avec-jeux-de-societe-mise-a-disposition-300x200.jpg 300w, https:\/\/www.gite-centre-finistere.fr\/wp-content\/uploads\/2023\/08\/Gite-Ker-Breizh-plonevez-du-faou-maison-de-location-touristique-pour-famille-avec-jeux-de-societe-mise-a-disposition-1024x683.jpg 1024w, https:\/\/www.gite-centre-finistere.fr\/wp-content\/uploads\/2023\/08\/Gite-Ker-Breizh-plonevez-du-faou-maison-de-location-touristique-pour-famille-avec-jeux-de-societe-mise-a-disposition-768x512.jpg 768w, https:\/\/www.gite-centre-finistere.fr\/wp-content\/uploads\/2023\/08\/Gite-Ker-Breizh-plonevez-du-faou-maison-de-location-touristique-pour-famille-avec-jeux-de-societe-mise-a-disposition-1536x1024.jpg 1536w, https:\/\/www.gite-centre-finistere.fr\/wp-content\/uploads\/2023\/08\/Gite-Ker-Breizh-plonevez-du-faou-maison-de-location-touristique-pour-famille-avec-jeux-de-societe-mise-a-disposition-2048x1365.jpg 2048w\" sizes=\"(max-width: 706px) 89vw, (max-width: 767px) 82vw, 740px\" \/><\/figure>\n\n\n\n<p><\/p>\n\n\n\n<p><\/p>\n","protected":false},"excerpt":{"rendered":"<p>\u00a0 Sa capacit\u00e9 d&rsquo;accueille vous permettra de vivre des moments\u00a0de convivialit\u00e9 et de partage.Pour des vacances riches d&rsquo;histoires, et de l\u00e9gendes ! Cette maison nomm\u00e9e \u00ab\u00a0Kreiz Breizh\u00a0\u00bb, signifiant Centre Bretagne en breton, construite vers 1930 est typique pour sa hauteur, et loge jusqu&rsquo;\u00e0 6 personnes. Les plus de la maison : Son jardin clos, et &hellip; <\/p>\n<p class=\"link-more\"><a href=\"https:\/\/www.gite-centre-finistere.fr\/\" class=\"more-link\">Continuer la lecture<span class=\"screen-reader-text\"> de &laquo;&nbsp;Maison&nbsp;&raquo;<\/span><\/a><\/p>\n","protected":false},"author":1,"featured_media":0,"parent":0,"menu_order":0,"comment_status":"closed","ping_status":"closed","template":"","meta":[],"_links":{"self":[{"href":"https:\/\/www.gite-centre-finistere.fr\/index.php\/wp-json\/wp\/v2\/pages\/13"}],"collection":[{"href":"https:\/\/www.gite-centre-finistere.fr\/index.php\/wp-json\/wp\/v2\/pages"}],"about":[{"href":"https:\/\/www.gite-centre-finistere.fr\/index.php\/wp-json\/wp\/v2\/types\/page"}],"author":[{"embeddable":true,"href":"https:\/\/www.gite-centre-finistere.fr\/index.php\/wp-json\/wp\/v2\/users\/1"}],"replies":[{"embeddable":true,"href":"https:\/\/www.gite-centre-finistere.fr\/index.php\/wp-json\/wp\/v2\/comments?post=13"}],"version-history":[{"count":210,"href":"https:\/\/www.gite-centre-finistere.fr\/index.php\/wp-json\/wp\/v2\/pages\/13\/revisions"}],"predecessor-version":[{"id":1043,"href":"https:\/\/www.gite-centre-finistere.fr\/index.php\/wp-json\/wp\/v2\/pages\/13\/revisions\/1043"}],"wp:attachment":[{"href":"https:\/\/www.gite-centre-finistere.fr\/index.php\/wp-json\/wp\/v2\/media?parent=13"}],"curies":[{"name":"wp","href":"https:\/\/api.w.org\/{rel}","templated":true}]}}