{"id":14,"date":"2018-03-11T16:39:20","date_gmt":"2018-03-11T15:39:20","guid":{"rendered":"https:\/\/www.gite-centre-finistere.fr\/index.php\/blog\/"},"modified":"2023-05-09T12:04:21","modified_gmt":"2023-05-09T10:04:21","slug":"blog","status":"publish","type":"page","link":"https:\/\/www.gite-centre-finistere.fr\/index.php\/blog\/","title":{"rendered":"Sorties et activit\u00e9s"},"content":{"rendered":"<h1><span style=\"color: #999999;\">F\u00eates et Manifestations\u00a0\u00a0<\/span><\/h1>\n<p>&#8211;\u00a0 Festival des Vieilles Charrues \u00e0 Carhaix:<br \/><a href=\"https:\/\/www.vieillescharrues.asso.fr\">https:\/\/www.vieillescharrues.asso.fr<\/a><\/p>\n<p>&#8211;\u00a0 Festival de Cornouillaille \u00e0 Quimper\u00a0<br \/><a href=\"http:\/\/www.festival-cornouaille.bzh\/fr\/programme\/\">http:\/\/www.festival-cornouaille.bzh\/fr\/programme\/<\/a><\/p>\n<p>&#8211; Festival maritime de Douarnenez au port de Rosmer. Les vieux gr\u00e9ements et le monde de la mer s\u2019appr\u00eatent pour la f\u00eate\u2026<br \/><a href=\"https:\/\/www.tempsfete.com\">https:\/\/www.tempsfete.com<\/a><\/p>\n<p>&#8211; Festival de jazz au bord de l&rsquo; Aulne \u00e0 Ch\u00e2teau Neuf du Faou: \u00a0<a href=\"http:\/\/www.fest-jazz.com\">http:\/\/www.fest-jazz.com<\/a><\/p>\n<p>&#8211; Festival du bout du monde \u00e0 Crozon:<br \/><a href=\"http:\/\/www.festivalduboutdumonde.com\">http:\/\/www.festivalduboutdumonde.com<\/a><\/p>\n<p>&#8211; Festival interceltique de Lorient f\u00eate\u00a0 (billetterie en ligne)<br \/><a href=\"https:\/\/www.festival-interceltique.bzh\">https:\/\/www.festival-interceltique.bzh<\/a><\/p>\n<p>&#8211; F\u00eate du beurre et des anciens m\u00e9tiers \u00e9v\u00e8nement incontournable de Plonevez du Faou, \u00a0qui se d\u00e9roule le\u00a0quatri\u00e8me dimanche de septembre \u00e0 Saint Herbot (tr\u00e8s beau village, perdu au milieu de nul part, avec une \u00e9glise class\u00e9e fin du xv\u00e8me si\u00e8cle) \u00a0<a href=\"https:\/\/www.unidivers.fr\/rennes\/fete-du-beurre-saint-herbot-autour-de-leglise\/\">https:\/\/www.unidivers.fr\/rennes\/fete-du-beurre-saint-herbot-autour-de-leglise\/<\/a><\/p>\n<p>\u00a0<\/p>\n<h1><span style=\"color: #999999;\">\u00a0Les Fest Noz\u00a0<\/span><\/h1>\n<p>Vous cherchez une exp\u00e9rience authentique ? Venez partager dans la joie et la bonne humeur un peu de l&rsquo;ADN breton !\u00a0Le <em>fest<\/em>&#8211;<em>noz<\/em> est l&rsquo;une des f\u00eates les plus c\u00e9l\u00e8bres de Bretagne ! Ce n&rsquo;est pas pour rien qu&rsquo;il est inscrit au Patrimoine culturel immat\u00e9riel de l&rsquo;humanit\u00e9 depuis 2012.<\/p>\n<p>Ouvrez l&rsquo;\u0153il, ils sont tr\u00e8s souvent affich\u00e9s \u00e0 l&rsquo;entr\u00e9e des petits villages, petits commerces, Mairie, ou tout simplement dans le journal du T\u00e9l\u00e9gramme.<\/p>\n<p>Voici \u00e9galement un petit site \u00e9galement fort utile pour les d\u00e9nicher.\u00a0 \u00a0<br \/><a href=\"https:\/\/www.tamm-kreiz.bzh\/agenda\">https:\/\/www.tamm-kreiz.bzh\/agenda<\/a><\/p>\n<p>\u00a0<\/p>\n<p><img loading=\"lazy\" class=\"wp-image-423  aligncenter\" src=\"\/wp-content\/uploads\/2018\/03\/images-1.jpg\" alt=\"\" width=\"576\" height=\"288\" srcset=\"https:\/\/www.gite-centre-finistere.fr\/wp-content\/uploads\/2018\/03\/images-1.jpg 318w, https:\/\/www.gite-centre-finistere.fr\/wp-content\/uploads\/2018\/03\/images-1-300x150.jpg 300w\" sizes=\"(max-width: 576px) 100vw, 576px\" \/><\/p>\n<h1>\u00a0<\/h1>\n<h1><span style=\"color: #999999;\">Mus\u00e9es :\u00a0<br \/><\/span><\/h1>\n<p><strong>&#8211; Maison de la r\u00e9serve naturelle<\/strong> et des castors \u00e0 Brennilis, du 15 juin au 15 septembre environ (\u00e010mn en voiture). Vous pouvez partir avec un animateur qui vous montrera la tourbi\u00e8re bomb\u00e9e et vous fera suivre le chemin des castors. (tel :\u00a002 98 99 65 76)<\/p>\n<figure id=\"attachment_558\" aria-describedby=\"caption-attachment-558\" style=\"width: 275px\" class=\"wp-caption aligncenter\"><img loading=\"lazy\" class=\"wp-image-558 size-full\" src=\"http:\/\/www.gite-centre-finistere.fr\/wp-content\/uploads\/2018\/04\/castor-bn.jpg\" alt=\"\" width=\"275\" height=\"183\" \/><figcaption id=\"caption-attachment-558\" class=\"wp-caption-text\">Castors de Brennilis<\/figcaption><\/figure>\n<p><strong>&#8211; Mus\u00e9e vivant des Vieux M\u00e9tiers, un VRAI COUP de COEUR !<\/strong><br \/>Dans ancienne ferme du bourg d&rsquo;Argol.<br \/>tel 02.51.04.81.59.<br \/><a href=\"http:\/\/museevivant.fr\">Site mus\u00e9e vivant d&rsquo;Argol<\/a><\/p>\n<figure id=\"attachment_515\" aria-describedby=\"caption-attachment-515\" style=\"width: 300px\" class=\"wp-caption aligncenter\"><img loading=\"lazy\" class=\"wp-image-515 size-medium\" src=\"\/wp-content\/uploads\/2018\/03\/metier-a-broder-argol-1-300x200.jpg\" alt=\"\" width=\"300\" height=\"200\" srcset=\"https:\/\/www.gite-centre-finistere.fr\/wp-content\/uploads\/2018\/03\/metier-a-broder-argol-1-300x200.jpg 300w, https:\/\/www.gite-centre-finistere.fr\/wp-content\/uploads\/2018\/03\/metier-a-broder-argol-1.jpg 580w\" sizes=\"(max-width: 300px) 100vw, 300px\" \/><figcaption id=\"caption-attachment-515\" class=\"wp-caption-text\">Mus\u00e9e vivant des vieux M\u00e9tiers D&rsquo;Argol ( m\u00e9tier \u00e0 broder)<\/figcaption><\/figure>\n<p><strong>&#8211; Port mus\u00e9e de Douarnenez.<\/strong> \u00ab\u00a0Une invitation au voyage \u00e0 travers les cultures maritimes d\u2019Europe, d\u2019Asie, d\u2019Afrique ou d\u2019Oc\u00e9anie, \u00e0 bord de bateaux de travail ou de plaisance. Venez y d\u00e9couvrir l\u2019infinie richesse des mondes maritimes, le brassage des id\u00e9es, le fourmillement technique, la mer nourrici\u00e8re, la vie \u00e0 bord et au port.\u00a0\u00bb<br \/><a href=\"http:\/\/www.port-musee.org\">Site du Port mus\u00e9e de Douarnenez<\/a><\/p>\n<p>\u00a0<\/p>\n<h1><span style=\"color: #999999;\">Nos Coups de c\u0153ur, <\/span><span style=\"color: #999999;\">et\u00a0 L\u00e9gendes&#8230;<\/span><\/h1>\n<p>&#8211; <strong>March\u00e9 bio<\/strong> tous les jeudis de 17h30 \u00e0 19h, situ\u00e9 Kernevez Boulogne, Plonevez du Faou (tel: 06 70 46 65 40)\u00a0<\/p>\n<p><strong>&#8211; Le Petit Village de Saint Herbot <\/strong>sur la Commune de plonevez du Faou, perdu au milieu de nul part, jadis \u00a0le \u00ab\u00a0Lourdes\u00a0\u00bb des B\u00eates \u00e0 cornes. Situ\u00e9e entre Monts d&rsquo; Arr\u00e9e et Brennilis, un joyau \u00a0du gothique Breton vous attend.<\/p>\n<p>Article ouest France, sur Saint Herbot:<br \/><a href=\"https:\/\/www.ouest-france.fr\/bretagne\/plonevez-du-faou-29530\/plonevez-du-faou-saint-herbot-c-est-le-lourdes-des-betes-cornes-5342141\">https:\/\/www.ouest-france.fr\/bretagne\/plonevez-du-faou-29530\/plonevez-du-faou-saint-herbot-c-est-le-lourdes-des-betes-cornes-5342141<\/a><\/p>\n<p>Un peu d&rsquo;histoire sur St Herbot:<br \/><a href=\"http:\/\/ablogjeanfloch.over-blog.com\/2018\/03\/saint-herbot-un-saint-veterinaire.html\">http:\/\/ablogjeanfloch.over-blog.com\/2018\/03\/saint-herbot-un-saint-veterinaire.html<\/a><\/p>\n<p><span class=\"breadcrumb_last\" style=\"line-height: 1.8;\"><strong>&#8211;<\/strong> <strong>Le tour du Yeun Elez, Brennilis<\/strong> en randonn\u00e9e, avec le site\u00a0<\/span><a href=\"https:\/\/randobreizh.fr\/randonnees-bretagne\/?depart=Plon\u00e9vez-du-Faou\"><span style=\"color: #999999;\">Randobreizh <\/span><\/a>et faite une pause pour <strong>\u00e9coutez \u00a0la l\u00e9gende des Lavandi\u00e8res<\/strong> de la nuit:\u00a0<a href=\"https:\/\/www.youtube.com\/watch?v=z5cDVtLZHoQ\">https:\/\/www.youtube.com\/watch?v=z5cDVtLZHoQ<\/a><\/p>\n<p><strong>&#8211;<\/strong> <strong>Les ballades dans les Monts d&rsquo;Arr\u00e9e et Brennilis<\/strong>, en fin de journ\u00e9e quand le soleil se couche, ou encore sous la Brume et \u00e9couter <strong>le conte de L&rsquo;ankou racont\u00e9 par le brillant Alain Legoff:<\/strong><br \/><a href=\"https:\/\/www.youtube.com\/watch?v=RRwJEWAW10Q\">https:\/\/www.youtube.com\/watch?v=RRwJEWAW10Q<\/a><\/p>\n<p><strong>&#8211; L&rsquo;auberge de la Cr\u00eapes \u00e0 la Feuill\u00e9e:\u00a0<a href=\"https:\/\/auberge-delacrepe.fr\/index.php\">Cr\u00eaperie sur la commune de la Feuill\u00e9e <\/a>\u00a0<\/strong>(r\u00e9servation 48h \u00e0 l&rsquo;avance au <strong>02 98 99 68 68<\/strong>)\u00a0<\/p>\n<p><strong>&#8211; La maison du randonneur, <\/strong>\u00e0 Brasparts , vous propose des sorties en attelage dans les Monts d&rsquo;Arr\u00e9e. (tel 06 81 93 47 25)<\/p>\n<p><strong>&#8211;<\/strong>\u00a0<strong>La for\u00eat l\u00e9gendaire d&rsquo; Huelgoat<\/strong> avec sa rivi\u00e8re d&rsquo;argent, son chaos -rocheux, le Moulin du Chaos, la Grotte du Diable, la Roche Tremblante, le Camp d&rsquo;Artus. <br \/>Ne manquez pas de passer \u00e0<strong> \u00ab\u00a0L&rsquo;autre Rive\u00a0\u00bb<\/strong>, une librairie-caf\u00e9, avec une teinte \u00e9cocitoyenne, livres, jeux, bd, mangas, \u00e9picerie. Elle se trouve dans la For\u00eat (Restidiou Vras, Berrien, France, 29690)<\/p>\n<p style=\"text-align: center;\"><a href=\"https:\/\/www.gite-centre-finistere.fr\/wp-content\/uploads\/2023\/05\/lAutre-Rive-Huelgoat.jpg\"><img loading=\"lazy\" class=\"wp-image-1005 aligncenter\" src=\"https:\/\/www.gite-centre-finistere.fr\/wp-content\/uploads\/2023\/05\/lAutre-Rive-Huelgoat.jpg\" alt=\"\" width=\"443\" height=\"324\" srcset=\"https:\/\/www.gite-centre-finistere.fr\/wp-content\/uploads\/2023\/05\/lAutre-Rive-Huelgoat.jpg 960w, https:\/\/www.gite-centre-finistere.fr\/wp-content\/uploads\/2023\/05\/lAutre-Rive-Huelgoat-300x219.jpg 300w, https:\/\/www.gite-centre-finistere.fr\/wp-content\/uploads\/2023\/05\/lAutre-Rive-Huelgoat-768x562.jpg 768w\" sizes=\"(max-width: 443px) 100vw, 443px\" \/><\/a><\/p>\n<p style=\"text-align: center;\"><a href=\"https:\/\/www.facebook.com\/lautrerive29\/\">https:\/\/www.facebook.com\/lautrerive29\/<\/a><\/p>\n<p><strong>-Vieux M\u00e9tiers D&rsquo;Argol,<\/strong> un mus\u00e9e plein de charme, ou nos a\u00efeuls nous racontent, montrent et nous laissent essayer&#8230; Un gros coup de c\u0153ur ! \u00a0 (tel: 02.56.04.81.59)<\/p>\n<p>&#8211; <strong>La<\/strong> <strong>Cit\u00e9 de Locronan<\/strong> avec sa Librairie Celtique, le Lou Garou Gourmand et ses multiples artisans. Incontournable si vous aimez l&rsquo;architecture ! Et id\u00e9al pour les souvenirs de vacances ! \u00a0<\/p>\n<p>&#8211; <strong>Le Bourg de Land\u00e9vennec, avec son abbaye<\/strong>, les ateliers d&rsquo;initiation \u00e0 l&rsquo;arch\u00e9ologie, ses concerts, et son jardin \u00a0(tel 02.98.27.35.90), une petite merveille entre mer et fleuve&#8230;<br \/>\u00a0<a href=\"https:\/\/www.musee-abbaye-landevennec.fr\/site-mus\u00e9e-jardin\/site-mus\u00e9e\">https:\/\/www.musee-abbaye-landevennec.fr\/site-mus\u00e9e-jardin\/site-mus\u00e9e\u00a0<\/a><\/p>\n<p>\u00a0<\/p>\n<h1><span style=\"color: #999999;\">Activit\u00e9s diverses<\/span><\/h1>\n<p><span style=\"color: #000000;\"><strong>&#8211; A Ch\u00e2teauneuf du Faou :<\/strong> base de loisirs, restaurations, guinguette, activit\u00e9s nautiques ( p\u00e9dalo, kayak, bateaux \u00e9lectriques, p\u00e9niches), chemin de halage, location de Rosalie, v\u00e9lo et autres&#8230;<\/span><\/p>\n<figure id=\"attachment_517\" aria-describedby=\"caption-attachment-517\" style=\"width: 150px\" class=\"wp-caption aligncenter\"><img loading=\"lazy\" class=\"wp-image-517 size-thumbnail\" src=\"\/wp-content\/uploads\/2018\/03\/rosalie-chateauneuf-du-faou-150x150.jpg\" alt=\"\" width=\"150\" height=\"150\" srcset=\"https:\/\/www.gite-centre-finistere.fr\/wp-content\/uploads\/2018\/03\/rosalie-chateauneuf-du-faou-150x150.jpg 150w, https:\/\/www.gite-centre-finistere.fr\/wp-content\/uploads\/2018\/03\/rosalie-chateauneuf-du-faou-100x100.jpg 100w\" sizes=\"(max-width: 150px) 100vw, 150px\" \/><figcaption id=\"caption-attachment-517\" class=\"wp-caption-text\">Au bord du Canal en Rosalie&#8230;<\/figcaption><\/figure>\n<p><span style=\"color: #000000;\">&#8211; Randonn\u00e9es p\u00e9destres, \u00e9questres et VTT dans beaucoup de communes, pour cela se renseigner dans les offices du tourisme.<\/span><\/p>\n<p><span style=\"color: #000000;\">&#8211; Un paradis pour les p\u00eacheurs ! L&rsquo;Aulne canalis\u00e9e et les ruisseaux qui s&rsquo;y jettent sont parmi les cours d&rsquo;eau les plus poissonneux de Bretagne. Diff\u00e9rentes cartes sont \u00e0 votre disposition.<\/span><\/p>\n<p>\u00a0<\/p>\n<p><a href=\"https:\/\/www.gite-centre-finistere.fr\/wp-content\/uploads\/2023\/05\/julie-guillaume-presentation.png\"><img loading=\"lazy\" class=\"wp-image-1000 alignright\" src=\"https:\/\/www.gite-centre-finistere.fr\/wp-content\/uploads\/2023\/05\/julie-guillaume-presentation.png\" alt=\"Julie Guillaume\" width=\"293\" height=\"311\" srcset=\"https:\/\/www.gite-centre-finistere.fr\/wp-content\/uploads\/2023\/05\/julie-guillaume-presentation.png 1880w, https:\/\/www.gite-centre-finistere.fr\/wp-content\/uploads\/2023\/05\/julie-guillaume-presentation-282x300.png 282w, https:\/\/www.gite-centre-finistere.fr\/wp-content\/uploads\/2023\/05\/julie-guillaume-presentation-964x1024.png 964w, https:\/\/www.gite-centre-finistere.fr\/wp-content\/uploads\/2023\/05\/julie-guillaume-presentation-768x816.png 768w, https:\/\/www.gite-centre-finistere.fr\/wp-content\/uploads\/2023\/05\/julie-guillaume-presentation-1446x1536.png 1446w\" sizes=\"(max-width: 293px) 100vw, 293px\" \/><\/a><\/p>\n<p>&#8211; Vous aimez la Terre, l&rsquo;eau, le modelage ? alors pourquoi pas d\u00e9couvrir pendant votre s\u00e9jour, l&rsquo; Atelier P\u00e9trichor C\u00e9ramique, de Julie Guillaume, qui se trouve \u00e0 Chateauneuf du Faou. Cette Cr\u00e9atrice met en place des ateliers modelage, adulte et enfants, ainsi que des cours de tournage. <br \/>L&rsquo;endroit est magique, et Julie un vrai Rayon de Soleil&#8230;<\/p>\n<p><a href=\"https:\/\/petrichor-ceramique.fr\/la-creatrice\/\">P\u00e9trichor-C\u00e9rami<\/a><a href=\"https:\/\/petrichor-ceramique.fr\/la-creatrice\/\">que\u00a0<\/a><br \/><a href=\"https:\/\/www.facebook.com\/Petrichorceramique\">https:\/\/www.facebook.com\/Petrichorceramique<\/a><br \/>L&rsquo;atelier Boutique 4 rue du g\u00e9n\u00e9ral de Gaulle 29520 Chateauneuf du Faou<br \/>P\u00e9trichor.hello@gmail.com<\/p>\n<p><a href=\"https:\/\/www.gite-centre-finistere.fr\/wp-content\/uploads\/2023\/05\/Petrichor-ceramique-chateau-neuf-du-faou-cours-de-tournage.jpg\"><img loading=\"lazy\" class=\"wp-image-998 alignleft\" src=\"https:\/\/www.gite-centre-finistere.fr\/wp-content\/uploads\/2023\/05\/Petrichor-ceramique-chateau-neuf-du-faou-cours-de-tournage.jpg\" alt=\"\" width=\"270\" height=\"338\" srcset=\"https:\/\/www.gite-centre-finistere.fr\/wp-content\/uploads\/2023\/05\/Petrichor-ceramique-chateau-neuf-du-faou-cours-de-tournage.jpg 512w, https:\/\/www.gite-centre-finistere.fr\/wp-content\/uploads\/2023\/05\/Petrichor-ceramique-chateau-neuf-du-faou-cours-de-tournage-240x300.jpg 240w\" sizes=\"(max-width: 270px) 100vw, 270px\" \/><\/a><\/p>\n<p>\u00a0<\/p>\n<h1>\u00a0<\/h1>\n<h1>\u00a0<\/h1>\n<h1>\u00a0<\/h1>\n<h1>\u00a0<\/h1>\n<h1>\u00a0<\/h1>\n<h1>\u00a0<\/h1>\n<p>\u00a0<\/p>\n<h1>\u00a0<\/h1>\n<p>\u00a0<\/p>\n\n\n<p><\/p>\n","protected":false},"excerpt":{"rendered":"<p>F\u00eates et Manifestations\u00a0\u00a0 &#8211;\u00a0 Festival des Vieilles Charrues \u00e0 Carhaix:https:\/\/www.vieillescharrues.asso.fr &#8211;\u00a0 Festival de Cornouillaille \u00e0 Quimper\u00a0http:\/\/www.festival-cornouaille.bzh\/fr\/programme\/ &#8211; Festival maritime de Douarnenez au port de Rosmer. Les vieux gr\u00e9ements et le monde de la mer s\u2019appr\u00eatent pour la f\u00eate\u2026https:\/\/www.tempsfete.com &#8211; Festival de jazz au bord de l&rsquo; Aulne \u00e0 Ch\u00e2teau Neuf du Faou: \u00a0http:\/\/www.fest-jazz.com &#8211; Festival &hellip; <\/p>\n<p class=\"link-more\"><a href=\"https:\/\/www.gite-centre-finistere.fr\/index.php\/blog\/\" class=\"more-link\">Continuer la lecture<span class=\"screen-reader-text\"> de &laquo;&nbsp;Sorties et activit\u00e9s&nbsp;&raquo;<\/span><\/a><\/p>\n","protected":false},"author":1,"featured_media":0,"parent":0,"menu_order":0,"comment_status":"closed","ping_status":"closed","template":"","meta":[],"_links":{"self":[{"href":"https:\/\/www.gite-centre-finistere.fr\/index.php\/wp-json\/wp\/v2\/pages\/14"}],"collection":[{"href":"https:\/\/www.gite-centre-finistere.fr\/index.php\/wp-json\/wp\/v2\/pages"}],"about":[{"href":"https:\/\/www.gite-centre-finistere.fr\/index.php\/wp-json\/wp\/v2\/types\/page"}],"author":[{"embeddable":true,"href":"https:\/\/www.gite-centre-finistere.fr\/index.php\/wp-json\/wp\/v2\/users\/1"}],"replies":[{"embeddable":true,"href":"https:\/\/www.gite-centre-finistere.fr\/index.php\/wp-json\/wp\/v2\/comments?post=14"}],"version-history":[{"count":148,"href":"https:\/\/www.gite-centre-finistere.fr\/index.php\/wp-json\/wp\/v2\/pages\/14\/revisions"}],"predecessor-version":[{"id":1008,"href":"https:\/\/www.gite-centre-finistere.fr\/index.php\/wp-json\/wp\/v2\/pages\/14\/revisions\/1008"}],"wp:attachment":[{"href":"https:\/\/www.gite-centre-finistere.fr\/index.php\/wp-json\/wp\/v2\/media?parent=14"}],"curies":[{"name":"wp","href":"https:\/\/api.w.org\/{rel}","templated":true}]}}