{"id":144,"date":"2018-03-12T22:46:47","date_gmt":"2018-03-12T21:46:47","guid":{"rendered":""},"modified":"2021-09-20T10:22:50","modified_gmt":"2021-09-20T08:22:50","slug":"paysages-fantastiques-et-legendaires","status":"publish","type":"page","link":"https:\/\/www.gite-centre-finistere.fr\/index.php\/paysages-fantastiques-et-legendaires\/","title":{"rendered":"Paysages fantastiques et l\u00e9gendaires&#8230;"},"content":{"rendered":"<h2 style=\"text-align: center;\"><span style=\"color: #999999;\">Au c\u0153ur du Finist\u00e8re, le g\u00eete \u00ab\u00a0Kreiz Breizh\u00a0\u00bb est id\u00e9ale pour s&rsquo;offrir des escapades \u00e0 la journ\u00e9e ou demi- journ\u00e9e.<\/span><br \/>\n<span style=\"color: #999999;\"> Dans un rayon de 60km, vous aurez acc\u00e8s, aux myst\u00e8res du centre Finist\u00e8re, ainsi qu&rsquo;\u00e0 toutes les c\u00f4tes maritimes.<\/span><\/h2>\n<h2><span style=\"color: #999999;\">Plages et ports maritimes les plus proches en voiture<\/span><\/h2>\n<p><span style=\"color: #000000;\"> Plage de Plomodiern \u00e0 40mn<\/span><br \/>\n<span style=\"color: #000000;\"> Plage d&rsquo;H\u00f4pital-Camfrout \u00e0 40mn(\u00eele de tibidy)<\/span><br \/>\n<span style=\"color: #000000;\"> Plage de Ploeven \u00e0 45mn<\/span><br \/>\n<span style=\"color: #000000;\"> Plage de Plonevez-Porzay \u00e0 45mn<\/span><br \/>\n<span style=\"color: #000000;\"> Plage St Nic \u00e0 40mn<\/span><\/p>\n<p><span style=\"color: #000000;\">Concarneau avec sa ville-close \u00e0 une heure<\/span><br \/>\n<span style=\"color: #000000;\"> Roscoff, c\u00f4te sauvage et acc\u00e8s maritime \u00e0 une heure<\/span><br \/>\n<span style=\"color: #000000;\"> Crozon et sa c\u00f4te sauvage \u00e0 une heure<\/span><br \/>\n<span style=\"color: #000000;\"> Locronan, cit\u00e9 de caract\u00e8re, l&rsquo;un des plus beaux villages de France \u00e0 40 minutes<\/span><br \/>\n<span style=\"color: #000000;\"> Douarnenez avec son port de la Sardine et son port-mus\u00e9e \u00e0 45 minutes<\/span><br \/>\n<span style=\"color: #000000;\"> Quimper ville d&rsquo;art et d&rsquo;histoire \u00e0 une heure<\/span><\/p>\n<p>Pour vous immerger au c\u0153ur de la Bretagne<br \/>\n<a href=\"http:\/\/www.coeurdebretagne.bzh\/incontournables\">Site C\u0153ur de Bretagne<\/a><\/p>\n<h2><span style=\"color: #999999;\">A Plon\u00e9vez du Faou<\/span><\/h2>\n<p>Ne loupez pas la chapelle de Saint Herbot datant du fin XIV. Pour la trouver prenez la D36 dans direction de Loqueffret, et suivez les panneaux.<br \/>\nPuis en sortant \u00a0St Herbot partez visiter du Chaos de MArdoul et de la cascade des Vasques.<br \/>\n<a href=\"https:\/\/www.youtube.com\/watch?v=iP5FudVB6Hk\">https:\/\/www.youtube.com\/watch?v=iP5FudVB6Hk<\/a><\/p>\n<h2><span style=\"color: #999999;\">Huelgoat (\u00e0 20mn en voiture)<\/span><\/h2>\n<p>Situ\u00e9e dans le Parc naturel r\u00e9gional d&rsquo;Armorique, la for\u00eat du Huelgoat (qui signifie \u00ab\u00a0haut bois\u00a0\u00bb en breton) a toujours inspir\u00e9 les r\u00e9cits populaires. Des rochers aux formes \u00e9tranges, des menhirs&#8230; Les lieux aux noms myst\u00e9rieux font r\u00e9f\u00e9rence tant\u00f4t au roi Arthur, tant\u00f4t au diable ou \u00e0 la Vierge.<br \/>\nNe manquez pas le chaos du Moulin, la rivi\u00e8re d&rsquo;Argent, la grotte du Diable, le gouffre, le camp d&rsquo;Artus&#8230; Gros coup de c\u0153ur pour les amoureux de la nature.<\/p>\n<figure id=\"attachment_217\" aria-describedby=\"caption-attachment-217\" style=\"width: 525px\" class=\"wp-caption aligncenter\"><img loading=\"lazy\" class=\"wp-image-217 size-large\" src=\"\/wp-content\/uploads\/2018\/03\/IMG_0640-683x1024.jpg\" alt=\"\" width=\"525\" height=\"787\" srcset=\"https:\/\/www.gite-centre-finistere.fr\/wp-content\/uploads\/2018\/03\/IMG_0640-683x1024.jpg 683w, https:\/\/www.gite-centre-finistere.fr\/wp-content\/uploads\/2018\/03\/IMG_0640-200x300.jpg 200w, https:\/\/www.gite-centre-finistere.fr\/wp-content\/uploads\/2018\/03\/IMG_0640-768x1152.jpg 768w, https:\/\/www.gite-centre-finistere.fr\/wp-content\/uploads\/2018\/03\/IMG_0640.jpg 1024w\" sizes=\"(max-width: 525px) 100vw, 525px\" \/><figcaption id=\"caption-attachment-217\" class=\"wp-caption-text\">Roche \u00e0 proximit\u00e9 du camp d &lsquo; Artus<\/figcaption><\/figure>\n<figure id=\"attachment_259\" aria-describedby=\"caption-attachment-259\" style=\"width: 736px\" class=\"wp-caption alignright\"><img loading=\"lazy\" class=\"wp-image-259 size-full\" src=\"\/wp-content\/uploads\/2018\/03\/ebd5eebe796ce0010f5821c636a7db90-bretagne-france-la-france.jpg\" alt=\"\" width=\"736\" height=\"552\" srcset=\"https:\/\/www.gite-centre-finistere.fr\/wp-content\/uploads\/2018\/03\/ebd5eebe796ce0010f5821c636a7db90-bretagne-france-la-france.jpg 736w, https:\/\/www.gite-centre-finistere.fr\/wp-content\/uploads\/2018\/03\/ebd5eebe796ce0010f5821c636a7db90-bretagne-france-la-france-300x225.jpg 300w\" sizes=\"(max-width: 736px) 100vw, 736px\" \/><figcaption id=\"caption-attachment-259\" class=\"wp-caption-text\">Champignon<\/figcaption><\/figure>\n<h2><span style=\"color: #999999;\">Les Monts D&rsquo;Arr\u00e9e (\u00e0 20mn en voiture)<\/span><\/h2>\n<p>Un paysage impressionnant, presque irr\u00e9el, o\u00f9 bruy\u00e8res, ajoncs et cr\u00eates rocheuses se m\u00e9langent \u00e0 perte de vue. Vous serez conquis par les impressionnants points de vue qu&rsquo;offrent les monts sur toute la r\u00e9gion environnante. Chaussez vos baskets et grimpez jusqu&rsquo;au sommet du Roc&rsquo;h Trevezel. De l\u00e0, la vue sur le L\u00e9on est saisissante.<\/p>\n<p><img loading=\"lazy\" class=\"aligncenter wp-image-261 size-large\" src=\"\/wp-content\/uploads\/2018\/03\/d21a83b3a46e507d5c08c284331f1531-1024x680.jpg\" alt=\"\" width=\"525\" height=\"349\" srcset=\"https:\/\/www.gite-centre-finistere.fr\/wp-content\/uploads\/2018\/03\/d21a83b3a46e507d5c08c284331f1531-1024x680.jpg 1024w, https:\/\/www.gite-centre-finistere.fr\/wp-content\/uploads\/2018\/03\/d21a83b3a46e507d5c08c284331f1531-300x199.jpg 300w, https:\/\/www.gite-centre-finistere.fr\/wp-content\/uploads\/2018\/03\/d21a83b3a46e507d5c08c284331f1531-768x510.jpg 768w, https:\/\/www.gite-centre-finistere.fr\/wp-content\/uploads\/2018\/03\/d21a83b3a46e507d5c08c284331f1531.jpg 1200w\" sizes=\"(max-width: 525px) 100vw, 525px\" \/><\/p>\n<p><img loading=\"lazy\" class=\"alignleft wp-image-262 size-full\" src=\"\/wp-content\/uploads\/2018\/03\/images.jpg\" alt=\"\" width=\"225\" height=\"225\" srcset=\"https:\/\/www.gite-centre-finistere.fr\/wp-content\/uploads\/2018\/03\/images.jpg 225w, https:\/\/www.gite-centre-finistere.fr\/wp-content\/uploads\/2018\/03\/images-150x150.jpg 150w, https:\/\/www.gite-centre-finistere.fr\/wp-content\/uploads\/2018\/03\/images-100x100.jpg 100w\" sizes=\"(max-width: 225px) 100vw, 225px\" \/><\/p>\n<p><img loading=\"lazy\" class=\"size-medium wp-image-263 alignleft\" src=\"\/wp-content\/uploads\/2018\/03\/IMG_0153-300x200.jpg\" alt=\"\" width=\"300\" height=\"200\" srcset=\"https:\/\/www.gite-centre-finistere.fr\/wp-content\/uploads\/2018\/03\/IMG_0153-300x200.jpg 300w, https:\/\/www.gite-centre-finistere.fr\/wp-content\/uploads\/2018\/03\/IMG_0153-768x512.jpg 768w, https:\/\/www.gite-centre-finistere.fr\/wp-content\/uploads\/2018\/03\/IMG_0153-1024x683.jpg 1024w, https:\/\/www.gite-centre-finistere.fr\/wp-content\/uploads\/2018\/03\/IMG_0153.jpg 1728w\" sizes=\"(max-width: 300px) 100vw, 300px\" \/><\/p>\n<h2><\/h2>\n<h2><\/h2>\n<h2><\/h2>\n<h2><\/h2>\n<h2><span style=\"color: #999999;\">La Vall\u00e9e des Saints (\u00e0 Carnou\u00ebt, 34mn en voiture)<\/span><\/h2>\n<p>Les g\u00e9ants sont implant\u00e9s dans un site exceptionnel et unique en Bretagne. Il se compose d\u2019une motte f\u00e9odale, d\u2019une chapelle class\u00e9e monument historique, d\u2019un site arch\u00e9ologique et surtout d\u2019une vue \u00e0 couper le souffle avec un 360\u00b0 sur tout le Poher. Un site embl\u00e9matique et charg\u00e9 d\u2019histoire, la Vall\u00e9e des Saints ne pouvait pas r\u00eaver mieux.<br \/>\n<a href=\"http:\/\/www.lavalleedessaints.com\/decouvrez-pxl-111.html\">Site la Vall\u00e9e des Saints<\/a><\/p>\n<figure id=\"attachment_687\" aria-describedby=\"caption-attachment-687\" style=\"width: 800px\" class=\"wp-caption aligncenter\"><a href=\"http:\/\/www.gite-centre-finistere.fr\/wp-content\/uploads\/2018\/05\/La-Vallee-des-Saints-6-1.jpg\"><img loading=\"lazy\" class=\"size-full wp-image-687\" src=\"http:\/\/www.gite-centre-finistere.fr\/wp-content\/uploads\/2018\/05\/La-Vallee-des-Saints-6-1.jpg\" alt=\"\" width=\"800\" height=\"533\" srcset=\"https:\/\/www.gite-centre-finistere.fr\/wp-content\/uploads\/2018\/05\/La-Vallee-des-Saints-6-1.jpg 800w, https:\/\/www.gite-centre-finistere.fr\/wp-content\/uploads\/2018\/05\/La-Vallee-des-Saints-6-1-300x200.jpg 300w, https:\/\/www.gite-centre-finistere.fr\/wp-content\/uploads\/2018\/05\/La-Vallee-des-Saints-6-1-768x512.jpg 768w\" sizes=\"(max-width: 706px) 89vw, (max-width: 767px) 82vw, 740px\" \/><\/a><figcaption id=\"caption-attachment-687\" class=\"wp-caption-text\">La vall\u00e9e des Saints<\/figcaption><\/figure>\n<h2><span style=\"color: #999999;\">Ch\u00e2teau de Tr\u00e9varez (\u00e0 Ch\u00e2teauneuf du Faou, 15mn en voiture)<\/span><\/h2>\n<p><img loading=\"lazy\" class=\"aligncenter wp-image-207 size-full\" src=\"\/wp-content\/uploads\/2018\/03\/image_file_274.jpg\" alt=\"\" width=\"720\" height=\"270\" srcset=\"https:\/\/www.gite-centre-finistere.fr\/wp-content\/uploads\/2018\/03\/image_file_274.jpg 720w, https:\/\/www.gite-centre-finistere.fr\/wp-content\/uploads\/2018\/03\/image_file_274-300x113.jpg 300w\" sizes=\"(max-width: 720px) 100vw, 720px\" \/><br \/>\nSite incontournable du Centre-Finist\u00e8re, labellis\u00e9 \u00abPatrimoine du XXe si\u00e8cle\u00bb, l\u2019histoire du Domaine de Tr\u00e9varez est marqu\u00e9e par l\u2019empreinte d\u2019un homme, James de Kerj\u00e9gu n\u00e9 \u00e0 Tr\u00e9varez en 1846 et mort peu de temps apr\u00e8s la fin de la construction du ch\u00e2teau en 1908.<br \/>\n<a href=\"http:\/\/www.cdp29.fr\/fr\/presentation-trevarez\">Site le Domaine de Tr\u00e9varez<\/a><\/p>\n<h2><span style=\"color: #999999;\">Canal de Nantes \u00e0 Brest (\u00e0 Ch\u00e2teauneuf du Faou, 10mn en voiture)<\/span><\/h2>\n<h2><span style=\"color: #999999;\"><img loading=\"lazy\" class=\"aligncenter wp-image-237 size-full\" src=\"\/wp-content\/uploads\/2018\/03\/canal-maison.jpg\" alt=\"\" width=\"800\" height=\"533\" srcset=\"https:\/\/www.gite-centre-finistere.fr\/wp-content\/uploads\/2018\/03\/canal-maison.jpg 800w, https:\/\/www.gite-centre-finistere.fr\/wp-content\/uploads\/2018\/03\/canal-maison-300x200.jpg 300w, https:\/\/www.gite-centre-finistere.fr\/wp-content\/uploads\/2018\/03\/canal-maison-768x512.jpg 768w\" sizes=\"(max-width: 706px) 89vw, (max-width: 767px) 82vw, 740px\" \/><\/span><\/h2>\n<h2><span style=\"color: #999999;\">Enclos paroissiaux, et petits Villages<br \/>\n<\/span><\/h2>\n<h2><span style=\"color: #999999;\"><img loading=\"lazy\" class=\"size-medium wp-image-246 alignright\" src=\"\/wp-content\/uploads\/2018\/03\/IMG_3926-200x300.jpg\" alt=\"\" width=\"200\" height=\"300\" srcset=\"https:\/\/www.gite-centre-finistere.fr\/wp-content\/uploads\/2018\/03\/IMG_3926-200x300.jpg 200w, https:\/\/www.gite-centre-finistere.fr\/wp-content\/uploads\/2018\/03\/IMG_3926-768x1152.jpg 768w, https:\/\/www.gite-centre-finistere.fr\/wp-content\/uploads\/2018\/03\/IMG_3926-683x1024.jpg 683w, https:\/\/www.gite-centre-finistere.fr\/wp-content\/uploads\/2018\/03\/IMG_3926.jpg 1024w\" sizes=\"(max-width: 200px) 100vw, 200px\" \/><img loading=\"lazy\" class=\"wp-image-245 alignnone\" src=\"\/wp-content\/uploads\/2018\/03\/IMG_3925-200x300.jpg\" alt=\"\" width=\"210\" height=\"315\" srcset=\"https:\/\/www.gite-centre-finistere.fr\/wp-content\/uploads\/2018\/03\/IMG_3925-200x300.jpg 200w, https:\/\/www.gite-centre-finistere.fr\/wp-content\/uploads\/2018\/03\/IMG_3925-768x1152.jpg 768w, https:\/\/www.gite-centre-finistere.fr\/wp-content\/uploads\/2018\/03\/IMG_3925-683x1024.jpg 683w, https:\/\/www.gite-centre-finistere.fr\/wp-content\/uploads\/2018\/03\/IMG_3925.jpg 1152w\" sizes=\"(max-width: 210px) 100vw, 210px\" \/><\/span><\/h2>\n<figure id=\"attachment_274\" aria-describedby=\"caption-attachment-274\" style=\"width: 1728px\" class=\"wp-caption alignnone\"><img loading=\"lazy\" class=\"wp-image-274 size-full\" src=\"\/wp-content\/uploads\/2018\/03\/IMG_3930-1.jpg\" alt=\"\" width=\"1728\" height=\"1152\" srcset=\"https:\/\/www.gite-centre-finistere.fr\/wp-content\/uploads\/2018\/03\/IMG_3930-1.jpg 1728w, https:\/\/www.gite-centre-finistere.fr\/wp-content\/uploads\/2018\/03\/IMG_3930-1-300x200.jpg 300w, https:\/\/www.gite-centre-finistere.fr\/wp-content\/uploads\/2018\/03\/IMG_3930-1-768x512.jpg 768w, https:\/\/www.gite-centre-finistere.fr\/wp-content\/uploads\/2018\/03\/IMG_3930-1-1024x683.jpg 1024w\" sizes=\"(max-width: 706px) 89vw, (max-width: 767px) 82vw, 740px\" \/><figcaption id=\"caption-attachment-274\" class=\"wp-caption-text\">Village de St Herbot, \u00e0 Plonevez du Faou, en direction de Huelgoat, ou les Monts D&rsquo;Arr\u00e9e.<\/figcaption><\/figure>\n<figure id=\"attachment_302\" aria-describedby=\"caption-attachment-302\" style=\"width: 800px\" class=\"wp-caption aligncenter\"><img loading=\"lazy\" class=\"wp-image-302 size-full\" src=\"\/wp-content\/uploads\/2018\/03\/locronan.png\" alt=\"\" width=\"800\" height=\"533\" srcset=\"https:\/\/www.gite-centre-finistere.fr\/wp-content\/uploads\/2018\/03\/locronan.png 800w, https:\/\/www.gite-centre-finistere.fr\/wp-content\/uploads\/2018\/03\/locronan-300x200.png 300w, https:\/\/www.gite-centre-finistere.fr\/wp-content\/uploads\/2018\/03\/locronan-768x512.png 768w\" sizes=\"(max-width: 706px) 89vw, (max-width: 767px) 82vw, 740px\" \/><figcaption id=\"caption-attachment-302\" class=\"wp-caption-text\">village de Locronan, vous y trouverez boutiques touristiques, restaurant, artisanat, et librairie celtique. Un coup de C\u0153ur \u00e0 40mn de voiture !<\/figcaption><\/figure>\n<h2><span style=\"color: #999999;\">Le Menez-Hom, montagne qui culmine \u00e0 330 m\u00e8tres d&rsquo;altitude. Elle domine la rade de Brest et la Baie de Douarnenez<\/span><\/h2>\n<figure id=\"attachment_314\" aria-describedby=\"caption-attachment-314\" style=\"width: 1920px\" class=\"wp-caption alignnone\"><img loading=\"lazy\" class=\"wp-image-314 size-full\" src=\"\/wp-content\/uploads\/2018\/03\/menez-hom-bd.jpg\" alt=\"\" width=\"1920\" height=\"1278\" srcset=\"https:\/\/www.gite-centre-finistere.fr\/wp-content\/uploads\/2018\/03\/menez-hom-bd.jpg 1920w, https:\/\/www.gite-centre-finistere.fr\/wp-content\/uploads\/2018\/03\/menez-hom-bd-300x200.jpg 300w, https:\/\/www.gite-centre-finistere.fr\/wp-content\/uploads\/2018\/03\/menez-hom-bd-768x511.jpg 768w, https:\/\/www.gite-centre-finistere.fr\/wp-content\/uploads\/2018\/03\/menez-hom-bd-1024x682.jpg 1024w\" sizes=\"(max-width: 706px) 89vw, (max-width: 767px) 82vw, 740px\" \/><figcaption id=\"caption-attachment-314\" class=\"wp-caption-text\">Menez hom, \u00e0 40mn en voiture de la maison<\/figcaption><\/figure>\n<figure id=\"attachment_317\" aria-describedby=\"caption-attachment-317\" style=\"width: 2496px\" class=\"wp-caption alignnone\"><img loading=\"lazy\" class=\"wp-image-317 size-full\" src=\"\/wp-content\/uploads\/2018\/03\/IMG_5613.jpg\" alt=\"\" width=\"2496\" height=\"1664\" srcset=\"https:\/\/www.gite-centre-finistere.fr\/wp-content\/uploads\/2018\/03\/IMG_5613.jpg 2496w, https:\/\/www.gite-centre-finistere.fr\/wp-content\/uploads\/2018\/03\/IMG_5613-300x200.jpg 300w, https:\/\/www.gite-centre-finistere.fr\/wp-content\/uploads\/2018\/03\/IMG_5613-768x512.jpg 768w, https:\/\/www.gite-centre-finistere.fr\/wp-content\/uploads\/2018\/03\/IMG_5613-1024x683.jpg 1024w\" sizes=\"(max-width: 706px) 89vw, (max-width: 767px) 82vw, 740px\" \/><figcaption id=\"caption-attachment-317\" class=\"wp-caption-text\">Le Menez-hom accueille des stages de parapentes et deltas<\/figcaption><\/figure>\n<h2><span style=\"color: #999999;\">Le monast\u00e8re de Landev\u00e9nnec, situ\u00e9 au creux d\u2019un vallon de la presqu&rsquo;\u00eele de Crozon et au bord de l\u2019Aulne<\/span><\/h2>\n<p>L\u2019abbaye de Land\u00e9vennec est la fondation monastique la plus ancienne attest\u00e9e en Bretagne. Situ\u00e9e \u00e0 une centaine de m\u00e8tres en contrebas du \u00ab nouveau \u00bb monast\u00e8re construit dans les ann\u00e9es 1950, l\u2019Ancienne abbaye est aujourd&rsquo;hui un site arch\u00e9ologique et un mus\u00e9e. Pr\u00e8s de 25 ans de fouilles y ont r\u00e9v\u00e9l\u00e9 13 si\u00e8cles d\u2019histoires.<\/p>\n<figure id=\"attachment_438\" aria-describedby=\"caption-attachment-438\" style=\"width: 540px\" class=\"wp-caption aligncenter\"><img loading=\"lazy\" class=\"wp-image-438 size-full\" src=\"\/wp-content\/uploads\/2018\/03\/ancienne-abbaye-landevennec-480288.jpg\" alt=\"\" width=\"540\" height=\"360\" srcset=\"https:\/\/www.gite-centre-finistere.fr\/wp-content\/uploads\/2018\/03\/ancienne-abbaye-landevennec-480288.jpg 540w, https:\/\/www.gite-centre-finistere.fr\/wp-content\/uploads\/2018\/03\/ancienne-abbaye-landevennec-480288-300x200.jpg 300w\" sizes=\"(max-width: 540px) 100vw, 540px\" \/><figcaption id=\"caption-attachment-438\" class=\"wp-caption-text\">Installation monastique date du Ve si\u00e8cle : en 485, saint Gu\u00e9nol\u00e9 s\u2019installe \u00e0 l\u2019endroit o\u00f9 l\u2019Aulne rejoint la mer. ( \u00e0 50 min en voiture)<\/figcaption><\/figure>\n<figure id=\"attachment_494\" aria-describedby=\"caption-attachment-494\" style=\"width: 258px\" class=\"wp-caption aligncenter\"><img loading=\"lazy\" class=\"wp-image-494 size-full\" src=\"\/wp-content\/uploads\/2018\/03\/aulne.jpg\" alt=\"\" width=\"258\" height=\"195\" \/><figcaption id=\"caption-attachment-494\" class=\"wp-caption-text\">Aulne, rivi\u00e8re &#8230;<\/figcaption><\/figure>\n<h2><span style=\"color: #999999;\">PHOTOS prisent lors de nos ESCAPADES<\/span><\/h2>\n<figure id=\"attachment_264\" aria-describedby=\"caption-attachment-264\" style=\"width: 525px\" class=\"wp-caption alignnone\"><img loading=\"lazy\" class=\"wp-image-264 size-large\" src=\"\/wp-content\/uploads\/2018\/03\/IMG_7927-1024x683.jpg\" alt=\"\" width=\"525\" height=\"350\" srcset=\"https:\/\/www.gite-centre-finistere.fr\/wp-content\/uploads\/2018\/03\/IMG_7927-1024x683.jpg 1024w, https:\/\/www.gite-centre-finistere.fr\/wp-content\/uploads\/2018\/03\/IMG_7927-300x200.jpg 300w, https:\/\/www.gite-centre-finistere.fr\/wp-content\/uploads\/2018\/03\/IMG_7927-768x512.jpg 768w, https:\/\/www.gite-centre-finistere.fr\/wp-content\/uploads\/2018\/03\/IMG_7927.jpg 1728w\" sizes=\"(max-width: 525px) 100vw, 525px\" \/><figcaption id=\"caption-attachment-264\" class=\"wp-caption-text\">Port de Douarnenez<\/figcaption><\/figure>\n<p><img loading=\"lazy\" class=\"alignnone wp-image-266 size-large\" src=\"\/wp-content\/uploads\/2018\/03\/IMG_7928-1024x683.jpg\" alt=\"\" width=\"525\" height=\"350\" srcset=\"https:\/\/www.gite-centre-finistere.fr\/wp-content\/uploads\/2018\/03\/IMG_7928-1024x683.jpg 1024w, https:\/\/www.gite-centre-finistere.fr\/wp-content\/uploads\/2018\/03\/IMG_7928-300x200.jpg 300w, https:\/\/www.gite-centre-finistere.fr\/wp-content\/uploads\/2018\/03\/IMG_7928-768x512.jpg 768w, https:\/\/www.gite-centre-finistere.fr\/wp-content\/uploads\/2018\/03\/IMG_7928.jpg 1728w\" sizes=\"(max-width: 525px) 100vw, 525px\" \/><\/p>\n<p><img loading=\"lazy\" class=\"wp-image-499 size-full\" src=\"\/wp-content\/uploads\/2018\/03\/vu-sur-presquile-crozon.jpg\" alt=\"\" width=\"1024\" height=\"683\" srcset=\"https:\/\/www.gite-centre-finistere.fr\/wp-content\/uploads\/2018\/03\/vu-sur-presquile-crozon.jpg 1024w, https:\/\/www.gite-centre-finistere.fr\/wp-content\/uploads\/2018\/03\/vu-sur-presquile-crozon-300x200.jpg 300w, https:\/\/www.gite-centre-finistere.fr\/wp-content\/uploads\/2018\/03\/vu-sur-presquile-crozon-768x512.jpg 768w\" sizes=\"(max-width: 706px) 89vw, (max-width: 767px) 82vw, 740px\" \/><\/p>\n<figure id=\"attachment_240\" aria-describedby=\"caption-attachment-240\" style=\"width: 800px\" class=\"wp-caption alignnone\"><img loading=\"lazy\" class=\"wp-image-240 size-full\" src=\"\/wp-content\/uploads\/2018\/03\/IMG_0092.jpg\" alt=\"\" width=\"800\" height=\"533\" srcset=\"https:\/\/www.gite-centre-finistere.fr\/wp-content\/uploads\/2018\/03\/IMG_0092.jpg 800w, https:\/\/www.gite-centre-finistere.fr\/wp-content\/uploads\/2018\/03\/IMG_0092-300x200.jpg 300w, https:\/\/www.gite-centre-finistere.fr\/wp-content\/uploads\/2018\/03\/IMG_0092-768x512.jpg 768w\" sizes=\"(max-width: 706px) 89vw, (max-width: 767px) 82vw, 740px\" \/><figcaption id=\"caption-attachment-240\" class=\"wp-caption-text\">Dans la r\u00e9gion nord, vers Roscoff<\/figcaption><\/figure>\n<figure id=\"attachment_496\" aria-describedby=\"caption-attachment-496\" style=\"width: 1024px\" class=\"wp-caption aligncenter\"><img loading=\"lazy\" class=\"wp-image-496 size-full\" src=\"\/wp-content\/uploads\/2018\/03\/bretagne-nord.jpg\" alt=\"\" width=\"1024\" height=\"523\" srcset=\"https:\/\/www.gite-centre-finistere.fr\/wp-content\/uploads\/2018\/03\/bretagne-nord.jpg 1024w, https:\/\/www.gite-centre-finistere.fr\/wp-content\/uploads\/2018\/03\/bretagne-nord-300x153.jpg 300w, https:\/\/www.gite-centre-finistere.fr\/wp-content\/uploads\/2018\/03\/bretagne-nord-768x392.jpg 768w\" sizes=\"(max-width: 706px) 89vw, (max-width: 767px) 82vw, 740px\" \/><figcaption id=\"caption-attachment-496\" class=\"wp-caption-text\">C\u00f4te Nord<\/figcaption><\/figure>\n<h2><\/h2>\n<h2><\/h2>\n<blockquote>\n<h2><\/h2>\n<\/blockquote>\n","protected":false},"excerpt":{"rendered":"<p>Au c\u0153ur du Finist\u00e8re, le g\u00eete \u00ab\u00a0Kreiz Breizh\u00a0\u00bb est id\u00e9ale pour s&rsquo;offrir des escapades \u00e0 la journ\u00e9e ou demi- journ\u00e9e. Dans un rayon de 60km, vous aurez acc\u00e8s, aux myst\u00e8res du centre Finist\u00e8re, ainsi qu&rsquo;\u00e0 toutes les c\u00f4tes maritimes. Plages et ports maritimes les plus proches en voiture Plage de Plomodiern \u00e0 40mn Plage d&rsquo;H\u00f4pital-Camfrout &hellip; <\/p>\n<p class=\"link-more\"><a href=\"https:\/\/www.gite-centre-finistere.fr\/index.php\/paysages-fantastiques-et-legendaires\/\" class=\"more-link\">Continuer la lecture<span class=\"screen-reader-text\"> de &laquo;&nbsp;Paysages fantastiques et l\u00e9gendaires&#8230;&nbsp;&raquo;<\/span><\/a><\/p>\n","protected":false},"author":1,"featured_media":0,"parent":0,"menu_order":0,"comment_status":"closed","ping_status":"closed","template":"","meta":[],"_links":{"self":[{"href":"https:\/\/www.gite-centre-finistere.fr\/index.php\/wp-json\/wp\/v2\/pages\/144"}],"collection":[{"href":"https:\/\/www.gite-centre-finistere.fr\/index.php\/wp-json\/wp\/v2\/pages"}],"about":[{"href":"https:\/\/www.gite-centre-finistere.fr\/index.php\/wp-json\/wp\/v2\/types\/page"}],"author":[{"embeddable":true,"href":"https:\/\/www.gite-centre-finistere.fr\/index.php\/wp-json\/wp\/v2\/users\/1"}],"replies":[{"embeddable":true,"href":"https:\/\/www.gite-centre-finistere.fr\/index.php\/wp-json\/wp\/v2\/comments?post=144"}],"version-history":[{"count":114,"href":"https:\/\/www.gite-centre-finistere.fr\/index.php\/wp-json\/wp\/v2\/pages\/144\/revisions"}],"predecessor-version":[{"id":983,"href":"https:\/\/www.gite-centre-finistere.fr\/index.php\/wp-json\/wp\/v2\/pages\/144\/revisions\/983"}],"wp:attachment":[{"href":"https:\/\/www.gite-centre-finistere.fr\/index.php\/wp-json\/wp\/v2\/media?parent=144"}],"curies":[{"name":"wp","href":"https:\/\/api.w.org\/{rel}","templated":true}]}}