{"id":304,"date":"2018-03-13T22:21:50","date_gmt":"2018-03-13T21:21:50","guid":{"rendered":"https:\/\/www.gite-centre-finistere.fr\/index.php\/contact\/"},"modified":"2024-02-01T11:22:17","modified_gmt":"2024-02-01T10:22:17","slug":"contact","status":"publish","type":"page","link":"https:\/\/www.gite-centre-finistere.fr\/index.php\/contact\/","title":{"rendered":"Tarifs et R\u00e9servations"},"content":{"rendered":"<p>Les tarifs sont variables en fonction de la saison et de la dur\u00e9e, <strong>merci de nous contacter pour plus d&rsquo;information,<\/strong> ou de passer par le site Airbnb.<\/p>\n<p><span style=\"color: #000000;\"><strong>Location possible via le site :\u00a0<\/strong><\/span><span style=\"color: #000000;\"><a href=\"https:\/\/www.airbnb.fr\/rooms\/32442154?guests=1&amp;adults=1&amp;source_impression_id=p3_1557237049_XNXYZXTEypxoIMv9&amp;s=XJAdu3Fx\" target=\"_blank\" rel=\"noopener\">airbnb<\/a><\/span><\/p>\n<p><strong>P\u00e9riode de location:<\/strong> Du printemps \u00e0 fin septembre<br \/><strong><br \/>\u00a0<\/strong>Pour les locations prisent en direct avec le propri\u00e9taire,\u00a0<span style=\"color: #000000;\">la location est valide uniquement \u00e0 r\u00e9ception d&rsquo;un contrat de location accompagn\u00e9 d&rsquo;un acompte de 30%, \u00a0et avec un d\u00e9p\u00f4t de garantie d&rsquo;un montant de 600 \u20ac restitu\u00e9 15 jours apr\u00e8s votre sortie.<br \/>Nous facturons : 60 euros pour le linge de lit et 20 euros pour le lavage du sol que l&rsquo;on ne vous demande pas \u00e0 votre d\u00e9part.<br \/><br \/><strong>R\u00e8glement int\u00e9rieur:<br \/><\/strong><\/span>Horaire: \u00a0Arriv\u00e9e libre \u00e0 partir de 16h,\u00a0 et d\u00e9part le matin avant 10h<b>.<br \/><\/b><span style=\"color: #000000;\">A votre d\u00e9part: <br \/>La maison doit \u00eatre rang\u00e9e comme \u00e0 l&rsquo;identique de votre arriv\u00e9e. <br \/>Le coin cuisine doit \u00eatre rang\u00e9es et PROPRE ( lave vaisselles, tous les robots, ainsi que le grille pain doivent \u00eatre propres).<br \/>La salle d&rsquo;eau et WC doivent \u00eatre Propre, comme \u00e0 votre arriv\u00e9e.<br \/>Les jeux rang\u00e9s correctement dans leurs boites.<br \/><\/span><span style=\"color: #000000;\">Les draps retir\u00e9s et mis en bout de lit. Ne pas les m\u00e9langer.<br \/>Les poubelles devront \u00eatre vid\u00e9es.<\/span><\/p>\n<p>Le sol sera nettoy\u00e9 apr\u00e8s votre d\u00e9part par nos services, mais il ne doit pas \u00eatre collant et a-normalement propre ( suite de f\u00eates etc&#8230;)<\/p>\n<p><span style=\"color: #000000;\">Si toutefois si le m\u00e9nage de la maison n\u00e9cessite plus de 3 h de travail par un professionnel nous vous facturons un suppl\u00e9ment m\u00e9nage.<br \/><br \/><strong>Supl\u00e9ments de\u00a0 50 euros pour la pr\u00e9sence d&rsquo;animaux, tout en sachant que l&rsquo;\u00e9tage et les canap\u00e9s leur sont interdit. <\/strong>Nous avons du instaurer ce tarif, car automatiquement les m\u00e9nages sont plus long apr\u00e8s leur passage.<br \/>Toutefois si le service m\u00e9nage nous dit que la maison est imp\u00e9cable nous vous rembourserons.<\/span><\/p>\n<p><span style=\"color: #000000;\">\u00a0<\/span><strong>Langue Parl\u00e9e : Fran\u00e7ais, Anglais.<\/strong><\/p>\n<p><strong><br \/><br \/><br \/><\/strong><\/p>\n\n\n<p><\/p>\n","protected":false},"excerpt":{"rendered":"<p>Les tarifs sont variables en fonction de la saison et de la dur\u00e9e, merci de nous contacter pour plus d&rsquo;information, ou de passer par le site Airbnb. Location possible via le site :\u00a0airbnb P\u00e9riode de location: Du printemps \u00e0 fin septembre\u00a0Pour les locations prisent en direct avec le propri\u00e9taire,\u00a0la location est valide uniquement \u00e0 r\u00e9ception &hellip; <\/p>\n<p class=\"link-more\"><a href=\"https:\/\/www.gite-centre-finistere.fr\/index.php\/contact\/\" class=\"more-link\">Continuer la lecture<span class=\"screen-reader-text\"> de &laquo;&nbsp;Tarifs et R\u00e9servations&nbsp;&raquo;<\/span><\/a><\/p>\n","protected":false},"author":1,"featured_media":0,"parent":0,"menu_order":0,"comment_status":"closed","ping_status":"closed","template":"","meta":[],"_links":{"self":[{"href":"https:\/\/www.gite-centre-finistere.fr\/index.php\/wp-json\/wp\/v2\/pages\/304"}],"collection":[{"href":"https:\/\/www.gite-centre-finistere.fr\/index.php\/wp-json\/wp\/v2\/pages"}],"about":[{"href":"https:\/\/www.gite-centre-finistere.fr\/index.php\/wp-json\/wp\/v2\/types\/page"}],"author":[{"embeddable":true,"href":"https:\/\/www.gite-centre-finistere.fr\/index.php\/wp-json\/wp\/v2\/users\/1"}],"replies":[{"embeddable":true,"href":"https:\/\/www.gite-centre-finistere.fr\/index.php\/wp-json\/wp\/v2\/comments?post=304"}],"version-history":[{"count":96,"href":"https:\/\/www.gite-centre-finistere.fr\/index.php\/wp-json\/wp\/v2\/pages\/304\/revisions"}],"predecessor-version":[{"id":1047,"href":"https:\/\/www.gite-centre-finistere.fr\/index.php\/wp-json\/wp\/v2\/pages\/304\/revisions\/1047"}],"wp:attachment":[{"href":"https:\/\/www.gite-centre-finistere.fr\/index.php\/wp-json\/wp\/v2\/media?parent=304"}],"curies":[{"name":"wp","href":"https:\/\/api.w.org\/{rel}","templated":true}]}}